005583 composite?
False
Is 318638449 a composite number?
False
Is 187574677 a prime number?
False
Is 6400247857 a prime number?
False
Is 1381016183 a composite number?
False
Is 111684684779 a composite number?
False
Is 18510805 a prime number?
False
Is 856419974 a prime number?
False
Is 12836713469 a composite number?
True
Is 2088707249 a composite number?
False
Is 460342667 composite?
False
Is 113992249817 a prime number?
True
Is 1153941743 a prime number?
True
Is 323416553 a prime number?
True
Is 1305196561 a composite number?
True
Is 20885497229 a prime number?
True
Is 2185009991 prime?
True
Is 20368101691 composite?
True
Is 23917129 composite?
False
Is 33941305507 prime?
True
Is 452701937 prime?
True
Is 783855971 composite?
True
Is 1107857873 a composite number?
True
Is 119515091141 a prime number?
True
Is 9660452719 a prime number?
True
Is 454942183 prime?
True
Is 53491584181 a composite number?
True
Is 34822356197 a composite number?
False
Is 3015690173 composite?
False
Is 3745335097 composite?
True
Is 1062100841 prime?
True
Is 1807995823 a composite number?
True
Is 9124075771 a prime number?
True
Is 8468903683 a composite number?
False
Is 84512761 a prime number?
True
Is 4800527257 a prime number?
True
Is 138952903081 composite?
False
Is 94999489037 composite?
True
Is 3189093337 a prime number?
False
Is 3328209251 a prime number?
True
Is 527810201 prime?
True
Is 4232368549 composite?
False
Is 3897807451 prime?
True
Is 15767094347 a prime number?
True
Is 1130691829 a prime number?
False
Is 2327001389 composite?
False
Is 3854552771 composite?
False
Is 626140673 a composite number?
True
Is 374341369 composite?
False
Is 11430611293 a prime number?
True
Is 5915162899 a composite number?
True
Is 882272947 composite?
True
Is 3735914701 composite?
True
Is 132048463 prime?
False
Is 416857001 a prime number?
False
Is 4267193219 composite?
False
Is 17466448099 composite?
True
Is 541824713 composite?
False
Is 57400237 a prime number?
True
Is 2742803405 composite?
True
Is 1942739951 prime?
True
Is 18562561 prime?
False
Is 2711900507 a composite number?
False
Is 666017197 prime?
True
Is 166902089649 composite?
True
Is 1067274779 prime?
True
Is 11813033927 prime?
True
Is 380560763 composite?
True
Is 115084259863 a composite number?
False
Is 137066881 composite?
True
Is 93906541 a prime number?
True
Is 10582752097 a prime number?
True
Is 3789860021 composite?
False
Is 26574495691 a prime number?
True
Is 81396199 composite?
False
Is 44346847327 a prime number?
False
Is 2596622773 a composite number?
True
Is 1491152759 prime?
True
Is 1036385393 composite?
True
Is 412177723 a prime number?
False
Is 116724865 a composite number?
True
Is 23398418827 a prime number?
False
Is 1501202713 prime?
False
Is 13352188397 a prime number?
False
Is 4972305647 prime?
False
Is 9506528781 a prime number?
False
Is 640148077 a composite number?
True
Is 8240757733 prime?
False
Is 623787491 a prime number?
True
Is 1643471369 prime?
False
Is 2817732193 a prime number?
True
Is 110920669 a prime number?
True
Is 1412615707 a prime number?
True
Is 21688529089 prime?
False
Is 842930717 a prime number?
True
Is 113008169 a composite number?
False
Is 6006213239 composite?
True
Is 1159847537 a composite number?
False
Is 72202787 composite?
True
Is 496138379 a prime number?
False
Is 673432363 a prime number?
False
Is 7947312361 a composite number?
True
Is 4757707889 a prime number?
False
Is 48330333391 a composite number?
True
Is 13734575383 composite?
True
Is 7447213093 a composite number?
True
Is 335746850449 prime?
True
Is 573519311 a prime number?
False
Is 9487931 composite?
True
Is 1627340251 a prime number?
True
Is 358640437 a composite number?
False
Is 18127322867 a composite number?
False
Is 98203137 a composite number?
True
Is 315179993 a composite number?
True
Is 2123483983 prime?
False
Is 915373117 composite?
False
Is 231923453 composite?
False
Is 549812911 composite?
True
Is 5057155069 composite?
True
Is 1586297719 composite?
True
Is 225053489 prime?
True
Is 489654895 a prime number?
False
Is 273372259 prime?
True
Is 47164082369 prime?
True
Is 3399565355 prime?
False
Is 7958542913 a prime number?
True
Is 75458562217 a composite number?
True
Is 1754901901 a prime number?
False
Is 14314508399 composite?
True
Is 3391878703 composite?
False
Is 95830439651 a prime number?
False
Is 6520123133 composite?
False
Is 780258407 prime?
False
Is 11229223987 prime?
True
Is 16692965759 composite?
False
Is 656815219 a prime number?
False
Is 13460063821 a prime number?
True
Is 4233759545 prime?
False
Is 151065813 composite?
True
Is 51934410569 a composite number?
False
Is 226469398999 composite?
False
Is 3098079689 a prime number?
True
Is 14029920763 a composite number?
True
Is 47221492039 a prime number?
True
Is 45702894359 a composite number?
False
Is 61869013 a composite number?
False
Is 51052517 a composite number?
False
Is 690252901985 prime?
False
Is 11035160023 composite?
False
Is 49564727609 prime?
True
Is 3128126005 composite?
True
Is 115804519 prime?
True
Is 1187878379 a composite number?
True
Is 246136619 a prime number?
True
Is 1938848819 a composite number?
False
Is 7472448631 a prime number?
True
Is 16474769473 a composite number?
False
Is 31005361307 composite?
False
Is 98722609 composite?
False
Is 15789735571 composite?
False
Is 33285059 prime?
True
Is 57300567397 prime?
True
Is 5155535479 prime?
True
Is 109514965765 composite?
True
Is 10548227 prime?
True
Is 1715066839 a prime number?
False
Is 35274924931 a composite number?
False
Is 8737452301 prime?
True
Is 1259886521 composite?
False
Is 31112718053 a prime number?
False
Is 14654037707 composite?
False
Is 714383207 a composite number?
True
Is 2395149437 a composite number?
False
Is 402199433 a prime number?
True
Is 773435953 a prime number?
True
Is 9161408237 a composite number?
True
Is 538538237 composite?
False
Is 178363991693 prime?
True
Is 1698955171 a composite number?
True
Is 108973844209 composite?
False
Is 8037815981 composite?
True
Is 1296124949 a prime number?
False
Is 649433893 composite?
False
Is 4804101847 composite?
False
Is 5361152863 prime?
False
Is 67524198433 a prime number?
True
Is 135840779 a prime number?
False
Is 242093029 prime?
False
Is 6871292759 a prime number?
True
Is 479450327 a composite number?
False
Is 3717675911 a composite number?
False
Is 14601290017 a composite number?
False
Is 524037887 composite?
True
Is 116544850207 composite?
True
Is 27223350839 a composite number?
False
Is 17268861067 prime?
True
Is 3097335669 a composite number?
True
Is 20409262303 a prime number?
True
Is 6899232721 a composite number?
True
Is 6438481717 a composite number?
False
Is 11399902153 prime?
False
Is 552440663 prime?
True
Is 2658245543 prime?
True
Is 2632182881 a prime number?
True
Is 98770127983 composite?
False
Is 1924956647 a composite number?
False
Is 1971294907 a composite number?
True
Is 132166343 a composite number?
True
Is 10951735415 a composite number?
True
Is 3926670529 a composite number?
False
Is 254173181 prime?
True
Is 4564675717 prime?
False
Is 316095707 prime?
False
Is 691933883 a prime number?
False
Is 4073589347 a prime number?
False
Is 175099043 prime?
False
Is 50902011287 a prime number?
True
Is 11956832929 composite?
False
Is 691397983 a composite number?
True
Is 46236212479 a prime number?
True
Is 42391473881 a composite number?
False
Is 1363164661 a prime number?
False
Is 348994151 a prime number?
False
Is 781144289 composite?
False
Is 365332949 composite?
False
Is 887745347 composite?
False
Is 25520145821 a composite number?
True
Is 227438597 composite?
True
Is 407637233 a composite number?
False
Is 18683321567 prime?
False
Is 6654185359 a prime number?
True
Is 21891619613 a prime number?
False
Is 780146173 composite?
False
Is 79509617 a prime number?
False
Is 1233044551 prime?
True
Is 3151745473 a composite number?
False
Is 1805987047 prime?
True
Is 3965648581 a composite number?
True
Is 2407096729 a composite number?
False
Is 1601631193 prime?
False
Is 1961573179 a composite number?
True
Is 56161604293 prime?
True
Is 932046391 a composite number?
True
Is 40648097257 composite?
False
Is 36756413149 composite?
False
Is 303543593 prime?
True
Is 2314779947 a prime number?
False
I